{"id":12829,"date":"2021-01-27T11:04:36","date_gmt":"2021-01-27T10:04:36","guid":{"rendered":"https:\/\/www.formedia.pl\/sklep\/?post_type=product&#038;p=12829"},"modified":"2026-04-01T08:25:41","modified_gmt":"2026-04-01T06:25:41","slug":"hangery-z-nadrukiem-uv-o-dowolnym-ksztalcie-reklama-z-dwoma-przyssawkami","status":"publish","type":"product","link":"https:\/\/www.formedia.pl\/sklep\/produkt\/hangery-z-nadrukiem-uv-o-dowolnym-ksztalcie-reklama-z-dwoma-przyssawkami\/","title":{"rendered":"Hangery z nadrukiem UV o dowolnym kszta\u0142cie, reklama z dwoma przyssawkami"},"content":{"rendered":"<h2><span style=\"color: #ff6600;\">Reklama na przyssawkach do powieszenia w oknie<\/span><\/h2>\n<p>Czy chcesz w oryginalny spos\u00f3b zaprezentowa\u0107 produkt? Hanger z przyssawkami jest jedn\u0105 z reklam wewn\u0119trznych stosowany na oknach i witrynach sklepowych. \u015awietnie sprawdzi si\u0119 jako sta\u0142a oraz sezonowa ekspozycja stanowi\u0105ca kr\u00f3tkie komunikaty mocowane za pomoc\u0105 dw\u00f3ch przyssawek. Wy\u015blij nam sw\u00f3j projekt, a my przygotujemy go pod Twoje wymagania uwzgl\u0119dniaj\u0105c oryginaln\u0105 kolorystyk\u0119 i kszta\u0142ty do druku UV. Tw\u00f3j fason pozwoli \u0142atwo zwr\u00f3ci\u0107 na siebie uwag\u0119. Ca\u0142o\u015b\u0107 wykonana jest\u00a0 z lekkiego i wytrzyma\u0142ego tworzywa\u00a0 PCV lub plexi, w zale\u017cno\u015bci od\u00a0 wzoru. Dzi\u0119ki tej metodzie nadruk jest trwalszy. Bez problemu wytniemy dla Ciebie okre\u015blony kszta\u0142t. Wycen\u0119\u00a0 sporz\u0105dzamy indywidualnie do zam\u00f3wienia. Przed wi\u0119ksz\u0105 parti\u0105 zawsze wykonujemy prototyp produktu.<\/p>\n<p><strong>Informacje o produkcie:<\/strong><\/p>\n<ul>\n<li>Tabliczka wykonana jest z lekkiego i wytrzyma\u0142ego tworzywa PCV lub plexi, w zale\u017cno\u015bci od wybranego wzoru<\/li>\n<li>Mocowanie produktu do szyby witryny sklepowej za pomoc\u0105 mocnych przyssawek<\/li>\n<li>Ca\u0142o\u015b\u0107 wycinana jest za pomoc\u0105 precyzyjnej technologii frezowania, lub ci\u0119cia laserowego w zale\u017cno\u015bci od potrzeb projektu<\/li>\n<li>Pe\u0142ny kolor produktu naniesiony jest za pom\u0105c\u0105 druku UV z Twojej grafiki<\/li>\n<li>kszta\u0142t i wielko\u015b\u0107 dopasowujemy do Twoich oczekiwa\u0144<\/li>\n<li>Intuicyjny monta\u017c i demonta\u017c hangera<\/li>\n<li>Wycen\u0119 sporz\u0105dzamy indywidualnie do zam\u00f3wienia<\/li>\n<li>Przed wi\u0119ksz\u0105 parti\u0105 zawsze wykonujemy prototyp produktu<\/li>\n<\/ul>\n<p><strong>Chcesz by\u0107 jeszcze bardziej oryginalny? <\/strong><\/p>\n<p>Ju\u017c dzi\u015b wybierz swoj\u0105 kolorystyk\u0119 lub prze\u015blij nam grafik\u0119 druku UV, kt\u00f3ry naniesiemy na wybrany produkt. Jeste\u015bmy producentem materia\u0142\u00f3w promocyjnych i je\u015bli masz projekt grafiki, kt\u00f3ra wychodzi poza obszar ramki, bez problemu wytniemy dla Ciebie okre\u015blony kszta\u0142t.<\/p>\n<p><strong><span style=\"color: #ff6600;\">Zam\u00f3wienia indywidualne realizujemy od 30 sztuk.<\/span><\/strong><\/p>\n<p><strong>Przed z\u0142o\u017ceniem zam\u00f3wienia prosimy o kontakt z naszym biurem obs\u0142ugi klienta w celu ustalenia szczeg\u00f3\u0142\u00f3w:<span style=\"color: #ff6600;\"> <a style=\"color: #ff6600;\" href=\"tel:+48661036036\">tel. 661 036 036<\/a><\/span><\/strong><\/p>\n<p><strong>UWAGA!<\/strong><b><\/b><\/p>\n<ul>\n<li>Na fotografii jest przyk\u0142adowa prezentacja produktu.<\/li>\n<li>Inne wzory, kszta\u0142ty, kolory tworzywa mo\u017cemy wykona\u0107 dla Pa\u0144stwa na zam\u00f3wienie mailowe. Przed z\u0142o\u017ceniem zam\u00f3wienia indywidualnego prosimy o kontakt z naszym biurem obs\u0142ugi klienta w celu ustalenia szczeg\u00f3\u0142\u00f3w:\u00a0<strong><a href=\"tel:+48661036036\">tel. 661 036 036<\/a><\/strong><\/li>\n<li>Oferujemy r\u00f3wnie\u017c znakowanie metod\u0105 grawerowania oraz nadruku utwardzanego \u015bwiat\u0142em UV.<\/li>\n<li>Druk UV wykonujemy m.in. na: plexi, szkle, dibondzie, drewnie, kartonie, metalu, PCV.<\/li>\n<li>Wyroby z plexi zabezpieczone s\u0105 foli\u0105 ochronn\u0105. Przed u\u017cyciem nale\u017cy j\u0105 \u015bci\u0105gn\u0105\u0107.<\/li>\n<li>Sprawd\u017a\u00a0paczk\u0119\u00a0przy kurierze i oce\u0144\u00a0czy zawarto\u015b\u0107\u00a0nie jest uszkodzona! Protok\u00f3\u0142\u00a0szkody jest jedyn\u0105\u00a0podstaw\u0105\u00a0do reklamacji.<\/li>\n<\/ul>\n","protected":false},"excerpt":{"rendered":"<ul>\n<li>Produkt od producenta Formedia, wykonywany jest na zam\u00f3wienie.<\/li>\n<li><strong><span style=\"color: #ff6600;\">Materia\u0142:<\/span> <\/strong>do wyboru PCV lub plexi, prosimy o podanie w tre\u015bci zam\u00f3wienia,\u00a0 dwie przyssawki<\/li>\n<li><strong><span style=\"color: #ff6600;\">Brzegi:<\/span> <\/strong>g\u0142adkie<\/li>\n<li><strong><span style=\"color: #ff6600;\">Kolorystyka, tre\u015b\u0107, kszta\u0142t, format:<\/span> <\/strong>prosimy o podanie w tre\u015bci zam\u00f3wienia<\/li>\n<li><strong><span style=\"color: #ff6600;\">Kod produktu:<\/span> <\/strong>RNP48<\/li>\n<\/ul>\n","protected":false},"featured_media":12833,"template":"","meta":[],"product_brand":[],"product_cat":[896,895,899,897,898,894,900,844],"product_tag":[],"woo-feed-brand":[],"class_list":{"0":"post-12829","1":"product","2":"type-product","3":"status-publish","4":"has-post-thumbnail","6":"product_cat-branza-farmaceutyczna","7":"product_cat-branza-kosmetyczna","8":"product_cat-branza-medyczna","9":"product_cat-branza-odziezowa","10":"product_cat-branza-przemyslowa","11":"product_cat-branza-spozywcza","12":"product_cat-branza-biurowa","13":"product_cat-kieszenie-na-przyssawki","15":"first","16":"onbackorder","17":"taxable","18":"shipping-taxable","19":"product-type-simple"},"yoast_head":"<!-- This site is optimized with the Yoast SEO plugin v27.5 - https:\/\/yoast.com\/product\/yoast-seo-wordpress\/ -->\n<title>Hangery z nadrukiem UV o dowolnym kszta\u0142cie, reklama z dwoma przyssawkami - Formedia<\/title>\n<meta name=\"description\" content=\"Producent wyrob\u00f3w z plexi. Sprawd\u017a Hangery z nadrukiem UV o dowolnym kszta\u0142cie, reklama z dwoma przyssawkami. Indywidualne podej\u015bcie, w\u0142asne studio projektowe. Zapraszamy!\" \/>\n<meta name=\"robots\" content=\"index, follow, max-snippet:-1, max-image-preview:large, max-video-preview:-1\" \/>\n<link rel=\"canonical\" href=\"https:\/\/www.formedia.pl\/sklep\/produkt\/hangery-z-nadrukiem-uv-o-dowolnym-ksztalcie-reklama-z-dwoma-przyssawkami\/\" \/>\n<meta property=\"og:locale\" content=\"pl_PL\" \/>\n<meta property=\"og:type\" content=\"article\" \/>\n<meta property=\"og:title\" content=\"Hangery z nadrukiem UV o dowolnym kszta\u0142cie, reklama z dwoma przyssawkami - Formedia\" \/>\n<meta property=\"og:description\" content=\"Producent wyrob\u00f3w z plexi. Sprawd\u017a Hangery z nadrukiem UV o dowolnym kszta\u0142cie, reklama z dwoma przyssawkami. Indywidualne podej\u015bcie, w\u0142asne studio projektowe. Zapraszamy!\" \/>\n<meta property=\"og:url\" content=\"https:\/\/www.formedia.pl\/sklep\/produkt\/hangery-z-nadrukiem-uv-o-dowolnym-ksztalcie-reklama-z-dwoma-przyssawkami\/\" \/>\n<meta property=\"og:site_name\" content=\"Formedia\" \/>\n<meta property=\"article:publisher\" content=\"https:\/\/www.facebook.com\/formedia.bydgoszcz\/\" \/>\n<meta property=\"article:modified_time\" content=\"2026-04-01T06:25:41+00:00\" \/>\n<meta property=\"og:image\" content=\"https:\/\/www.formedia.pl\/sklep\/wp-content\/uploads\/2021\/01\/window-hanger-DWIE-PRZYSSAWKI-reklama-okienna-do-lodowki-producent-formedia.jpg\" \/>\n\t<meta property=\"og:image:width\" content=\"496\" \/>\n\t<meta property=\"og:image:height\" content=\"496\" \/>\n\t<meta property=\"og:image:type\" content=\"image\/jpeg\" \/>\n<meta name=\"twitter:card\" content=\"summary_large_image\" \/>\n<meta name=\"twitter:label1\" content=\"Szacowany czas czytania\" \/>\n\t<meta name=\"twitter:data1\" content=\"2 minuty\" \/>\n<script type=\"application\/ld+json\" class=\"yoast-schema-graph\">{\"@context\":\"https:\\\/\\\/schema.org\",\"@graph\":[{\"@type\":\"WebPage\",\"@id\":\"https:\\\/\\\/www.formedia.pl\\\/sklep\\\/produkt\\\/hangery-z-nadrukiem-uv-o-dowolnym-ksztalcie-reklama-z-dwoma-przyssawkami\\\/\",\"url\":\"https:\\\/\\\/www.formedia.pl\\\/sklep\\\/produkt\\\/hangery-z-nadrukiem-uv-o-dowolnym-ksztalcie-reklama-z-dwoma-przyssawkami\\\/\",\"name\":\"Hangery z nadrukiem UV o dowolnym kszta\u0142cie, reklama z dwoma przyssawkami - Formedia\",\"isPartOf\":{\"@id\":\"https:\\\/\\\/www.formedia.pl\\\/sklep\\\/#website\"},\"primaryImageOfPage\":{\"@id\":\"https:\\\/\\\/www.formedia.pl\\\/sklep\\\/produkt\\\/hangery-z-nadrukiem-uv-o-dowolnym-ksztalcie-reklama-z-dwoma-przyssawkami\\\/#primaryimage\"},\"image\":{\"@id\":\"https:\\\/\\\/www.formedia.pl\\\/sklep\\\/produkt\\\/hangery-z-nadrukiem-uv-o-dowolnym-ksztalcie-reklama-z-dwoma-przyssawkami\\\/#primaryimage\"},\"thumbnailUrl\":\"https:\\\/\\\/www.formedia.pl\\\/sklep\\\/wp-content\\\/uploads\\\/2021\\\/01\\\/window-hanger-DWIE-PRZYSSAWKI-reklama-okienna-do-lodowki-producent-formedia.jpg\",\"datePublished\":\"2021-01-27T10:04:36+00:00\",\"dateModified\":\"2026-04-01T06:25:41+00:00\",\"description\":\"Producent wyrob\u00f3w z plexi. Sprawd\u017a Hangery z nadrukiem UV o dowolnym kszta\u0142cie, reklama z dwoma przyssawkami. Indywidualne podej\u015bcie, w\u0142asne studio projektowe. Zapraszamy!\",\"breadcrumb\":{\"@id\":\"https:\\\/\\\/www.formedia.pl\\\/sklep\\\/produkt\\\/hangery-z-nadrukiem-uv-o-dowolnym-ksztalcie-reklama-z-dwoma-przyssawkami\\\/#breadcrumb\"},\"inLanguage\":\"pl-PL\",\"potentialAction\":[{\"@type\":\"ReadAction\",\"target\":[\"https:\\\/\\\/www.formedia.pl\\\/sklep\\\/produkt\\\/hangery-z-nadrukiem-uv-o-dowolnym-ksztalcie-reklama-z-dwoma-przyssawkami\\\/\"]}]},{\"@type\":\"ImageObject\",\"inLanguage\":\"pl-PL\",\"@id\":\"https:\\\/\\\/www.formedia.pl\\\/sklep\\\/produkt\\\/hangery-z-nadrukiem-uv-o-dowolnym-ksztalcie-reklama-z-dwoma-przyssawkami\\\/#primaryimage\",\"url\":\"https:\\\/\\\/www.formedia.pl\\\/sklep\\\/wp-content\\\/uploads\\\/2021\\\/01\\\/window-hanger-DWIE-PRZYSSAWKI-reklama-okienna-do-lodowki-producent-formedia.jpg\",\"contentUrl\":\"https:\\\/\\\/www.formedia.pl\\\/sklep\\\/wp-content\\\/uploads\\\/2021\\\/01\\\/window-hanger-DWIE-PRZYSSAWKI-reklama-okienna-do-lodowki-producent-formedia.jpg\",\"width\":496,\"height\":496,\"caption\":\"hanger z dowolnym nadrukiem reklamowym\"},{\"@type\":\"BreadcrumbList\",\"@id\":\"https:\\\/\\\/www.formedia.pl\\\/sklep\\\/produkt\\\/hangery-z-nadrukiem-uv-o-dowolnym-ksztalcie-reklama-z-dwoma-przyssawkami\\\/#breadcrumb\",\"itemListElement\":[{\"@type\":\"ListItem\",\"position\":1,\"name\":\"Strona g\u0142\u00f3wna\",\"item\":\"https:\\\/\\\/www.formedia.pl\\\/sklep\\\/\"},{\"@type\":\"ListItem\",\"position\":2,\"name\":\"Sklep\",\"item\":\"https:\\\/\\\/www.formedia.pl\\\/sklep\\\/\"},{\"@type\":\"ListItem\",\"position\":3,\"name\":\"Hangery z nadrukiem UV o dowolnym kszta\u0142cie, reklama z dwoma przyssawkami\"}]},{\"@type\":\"WebSite\",\"@id\":\"https:\\\/\\\/www.formedia.pl\\\/sklep\\\/#website\",\"url\":\"https:\\\/\\\/www.formedia.pl\\\/sklep\\\/\",\"name\":\"Formedia\",\"description\":\"Producent wyrob\u00f3w z tworzyw sztucznych\",\"publisher\":{\"@id\":\"https:\\\/\\\/www.formedia.pl\\\/sklep\\\/#organization\"},\"alternateName\":\"Formedia\",\"potentialAction\":[{\"@type\":\"SearchAction\",\"target\":{\"@type\":\"EntryPoint\",\"urlTemplate\":\"https:\\\/\\\/www.formedia.pl\\\/sklep\\\/?s={search_term_string}\"},\"query-input\":{\"@type\":\"PropertyValueSpecification\",\"valueRequired\":true,\"valueName\":\"search_term_string\"}}],\"inLanguage\":\"pl-PL\"},{\"@type\":\"Organization\",\"@id\":\"https:\\\/\\\/www.formedia.pl\\\/sklep\\\/#organization\",\"name\":\"Formedia\",\"alternateName\":\"Formedia\",\"url\":\"https:\\\/\\\/www.formedia.pl\\\/sklep\\\/\",\"logo\":{\"@type\":\"ImageObject\",\"inLanguage\":\"pl-PL\",\"@id\":\"https:\\\/\\\/www.formedia.pl\\\/sklep\\\/#\\\/schema\\\/logo\\\/image\\\/\",\"url\":\"https:\\\/\\\/www.formedia.pl\\\/sklep\\\/wp-content\\\/uploads\\\/2025\\\/03\\\/1x1cropped-logo-WWW-ForMedia-bialy.png\",\"contentUrl\":\"https:\\\/\\\/www.formedia.pl\\\/sklep\\\/wp-content\\\/uploads\\\/2025\\\/03\\\/1x1cropped-logo-WWW-ForMedia-bialy.png\",\"width\":412,\"height\":412,\"caption\":\"Formedia\"},\"image\":{\"@id\":\"https:\\\/\\\/www.formedia.pl\\\/sklep\\\/#\\\/schema\\\/logo\\\/image\\\/\"},\"sameAs\":[\"https:\\\/\\\/www.facebook.com\\\/formedia.bydgoszcz\\\/\",\"https:\\\/\\\/www.youtube.com\\\/@formedia4306\"]}]}<\/script>\n<!-- \/ Yoast SEO plugin. -->","yoast_head_json":{"title":"Hangery z nadrukiem UV o dowolnym kszta\u0142cie, reklama z dwoma przyssawkami - Formedia","description":"Producent wyrob\u00f3w z plexi. Sprawd\u017a Hangery z nadrukiem UV o dowolnym kszta\u0142cie, reklama z dwoma przyssawkami. Indywidualne podej\u015bcie, w\u0142asne studio projektowe. Zapraszamy!","robots":{"index":"index","follow":"follow","max-snippet":"max-snippet:-1","max-image-preview":"max-image-preview:large","max-video-preview":"max-video-preview:-1"},"canonical":"https:\/\/www.formedia.pl\/sklep\/produkt\/hangery-z-nadrukiem-uv-o-dowolnym-ksztalcie-reklama-z-dwoma-przyssawkami\/","og_locale":"pl_PL","og_type":"article","og_title":"Hangery z nadrukiem UV o dowolnym kszta\u0142cie, reklama z dwoma przyssawkami - Formedia","og_description":"Producent wyrob\u00f3w z plexi. Sprawd\u017a Hangery z nadrukiem UV o dowolnym kszta\u0142cie, reklama z dwoma przyssawkami. Indywidualne podej\u015bcie, w\u0142asne studio projektowe. Zapraszamy!","og_url":"https:\/\/www.formedia.pl\/sklep\/produkt\/hangery-z-nadrukiem-uv-o-dowolnym-ksztalcie-reklama-z-dwoma-przyssawkami\/","og_site_name":"Formedia","article_publisher":"https:\/\/www.facebook.com\/formedia.bydgoszcz\/","article_modified_time":"2026-04-01T06:25:41+00:00","og_image":[{"width":496,"height":496,"url":"https:\/\/www.formedia.pl\/sklep\/wp-content\/uploads\/2021\/01\/window-hanger-DWIE-PRZYSSAWKI-reklama-okienna-do-lodowki-producent-formedia.jpg","type":"image\/jpeg"}],"twitter_card":"summary_large_image","twitter_misc":{"Szacowany czas czytania":"2 minuty"},"schema":{"@context":"https:\/\/schema.org","@graph":[{"@type":"WebPage","@id":"https:\/\/www.formedia.pl\/sklep\/produkt\/hangery-z-nadrukiem-uv-o-dowolnym-ksztalcie-reklama-z-dwoma-przyssawkami\/","url":"https:\/\/www.formedia.pl\/sklep\/produkt\/hangery-z-nadrukiem-uv-o-dowolnym-ksztalcie-reklama-z-dwoma-przyssawkami\/","name":"Hangery z nadrukiem UV o dowolnym kszta\u0142cie, reklama z dwoma przyssawkami - Formedia","isPartOf":{"@id":"https:\/\/www.formedia.pl\/sklep\/#website"},"primaryImageOfPage":{"@id":"https:\/\/www.formedia.pl\/sklep\/produkt\/hangery-z-nadrukiem-uv-o-dowolnym-ksztalcie-reklama-z-dwoma-przyssawkami\/#primaryimage"},"image":{"@id":"https:\/\/www.formedia.pl\/sklep\/produkt\/hangery-z-nadrukiem-uv-o-dowolnym-ksztalcie-reklama-z-dwoma-przyssawkami\/#primaryimage"},"thumbnailUrl":"https:\/\/www.formedia.pl\/sklep\/wp-content\/uploads\/2021\/01\/window-hanger-DWIE-PRZYSSAWKI-reklama-okienna-do-lodowki-producent-formedia.jpg","datePublished":"2021-01-27T10:04:36+00:00","dateModified":"2026-04-01T06:25:41+00:00","description":"Producent wyrob\u00f3w z plexi. Sprawd\u017a Hangery z nadrukiem UV o dowolnym kszta\u0142cie, reklama z dwoma przyssawkami. Indywidualne podej\u015bcie, w\u0142asne studio projektowe. Zapraszamy!","breadcrumb":{"@id":"https:\/\/www.formedia.pl\/sklep\/produkt\/hangery-z-nadrukiem-uv-o-dowolnym-ksztalcie-reklama-z-dwoma-przyssawkami\/#breadcrumb"},"inLanguage":"pl-PL","potentialAction":[{"@type":"ReadAction","target":["https:\/\/www.formedia.pl\/sklep\/produkt\/hangery-z-nadrukiem-uv-o-dowolnym-ksztalcie-reklama-z-dwoma-przyssawkami\/"]}]},{"@type":"ImageObject","inLanguage":"pl-PL","@id":"https:\/\/www.formedia.pl\/sklep\/produkt\/hangery-z-nadrukiem-uv-o-dowolnym-ksztalcie-reklama-z-dwoma-przyssawkami\/#primaryimage","url":"https:\/\/www.formedia.pl\/sklep\/wp-content\/uploads\/2021\/01\/window-hanger-DWIE-PRZYSSAWKI-reklama-okienna-do-lodowki-producent-formedia.jpg","contentUrl":"https:\/\/www.formedia.pl\/sklep\/wp-content\/uploads\/2021\/01\/window-hanger-DWIE-PRZYSSAWKI-reklama-okienna-do-lodowki-producent-formedia.jpg","width":496,"height":496,"caption":"hanger z dowolnym nadrukiem reklamowym"},{"@type":"BreadcrumbList","@id":"https:\/\/www.formedia.pl\/sklep\/produkt\/hangery-z-nadrukiem-uv-o-dowolnym-ksztalcie-reklama-z-dwoma-przyssawkami\/#breadcrumb","itemListElement":[{"@type":"ListItem","position":1,"name":"Strona g\u0142\u00f3wna","item":"https:\/\/www.formedia.pl\/sklep\/"},{"@type":"ListItem","position":2,"name":"Sklep","item":"https:\/\/www.formedia.pl\/sklep\/"},{"@type":"ListItem","position":3,"name":"Hangery z nadrukiem UV o dowolnym kszta\u0142cie, reklama z dwoma przyssawkami"}]},{"@type":"WebSite","@id":"https:\/\/www.formedia.pl\/sklep\/#website","url":"https:\/\/www.formedia.pl\/sklep\/","name":"Formedia","description":"Producent wyrob\u00f3w z tworzyw sztucznych","publisher":{"@id":"https:\/\/www.formedia.pl\/sklep\/#organization"},"alternateName":"Formedia","potentialAction":[{"@type":"SearchAction","target":{"@type":"EntryPoint","urlTemplate":"https:\/\/www.formedia.pl\/sklep\/?s={search_term_string}"},"query-input":{"@type":"PropertyValueSpecification","valueRequired":true,"valueName":"search_term_string"}}],"inLanguage":"pl-PL"},{"@type":"Organization","@id":"https:\/\/www.formedia.pl\/sklep\/#organization","name":"Formedia","alternateName":"Formedia","url":"https:\/\/www.formedia.pl\/sklep\/","logo":{"@type":"ImageObject","inLanguage":"pl-PL","@id":"https:\/\/www.formedia.pl\/sklep\/#\/schema\/logo\/image\/","url":"https:\/\/www.formedia.pl\/sklep\/wp-content\/uploads\/2025\/03\/1x1cropped-logo-WWW-ForMedia-bialy.png","contentUrl":"https:\/\/www.formedia.pl\/sklep\/wp-content\/uploads\/2025\/03\/1x1cropped-logo-WWW-ForMedia-bialy.png","width":412,"height":412,"caption":"Formedia"},"image":{"@id":"https:\/\/www.formedia.pl\/sklep\/#\/schema\/logo\/image\/"},"sameAs":["https:\/\/www.facebook.com\/formedia.bydgoszcz\/","https:\/\/www.youtube.com\/@formedia4306"]}]}},"_links":{"self":[{"href":"https:\/\/www.formedia.pl\/sklep\/wp-json\/wp\/v2\/product\/12829","targetHints":{"allow":["GET"]}}],"collection":[{"href":"https:\/\/www.formedia.pl\/sklep\/wp-json\/wp\/v2\/product"}],"about":[{"href":"https:\/\/www.formedia.pl\/sklep\/wp-json\/wp\/v2\/types\/product"}],"wp:featuredmedia":[{"embeddable":true,"href":"https:\/\/www.formedia.pl\/sklep\/wp-json\/wp\/v2\/media\/12833"}],"wp:attachment":[{"href":"https:\/\/www.formedia.pl\/sklep\/wp-json\/wp\/v2\/media?parent=12829"}],"wp:term":[{"taxonomy":"product_brand","embeddable":true,"href":"https:\/\/www.formedia.pl\/sklep\/wp-json\/wp\/v2\/product_brand?post=12829"},{"taxonomy":"product_cat","embeddable":true,"href":"https:\/\/www.formedia.pl\/sklep\/wp-json\/wp\/v2\/product_cat?post=12829"},{"taxonomy":"product_tag","embeddable":true,"href":"https:\/\/www.formedia.pl\/sklep\/wp-json\/wp\/v2\/product_tag?post=12829"},{"taxonomy":"woo-feed-brand","embeddable":true,"href":"https:\/\/www.formedia.pl\/sklep\/wp-json\/wp\/v2\/woo-feed-brand?post=12829"}],"curies":[{"name":"wp","href":"https:\/\/api.w.org\/{rel}","templated":true}]}}