{"id":15143,"date":"2021-04-19T15:13:39","date_gmt":"2021-04-19T13:13:39","guid":{"rendered":"https:\/\/www.formedia.pl\/sklep\/?post_type=product&#038;p=15143"},"modified":"2026-04-01T08:26:07","modified_gmt":"2026-04-01T06:26:07","slug":"pojemnik-dozownik","status":"publish","type":"product","link":"https:\/\/www.formedia.pl\/sklep\/produkt\/pojemnik-dozownik\/","title":{"rendered":"Pojemniki dozowniki na r\u00f3\u017cne produkty"},"content":{"rendered":"<h2 align=\"JUSTIFY\"><span style=\"color: #ff6600;\">Podajnik, ekspozytor na wafle i chusteczki lub sztu\u0107ce<\/span><\/h2>\n<p align=\"JUSTIFY\">Do codziennego stosowania przez klient\u00f3w i pracownik\u00f3w gastronomii. Stanowi wydajne i dost\u0119pne samoobs\u0142ugowe centrum dla komercyjnej stacji samoobs\u0142ugowych jak np. ekspres do kawy, herbaty, serwis do lod\u00f3w. Dwie praktyczne przegr\u00f3dki rozmieszczone s\u0105 na dw\u00f3ch r\u00f3\u017cnych poziomach. Dzi\u0119ki temu zabiegowi, Tw\u00f3j asortyment b\u0119dzie \u0142atwo dost\u0119pny i zawsze widoczny dla go\u015bci. Dozownik wyposa\u017cony jest w doln\u0105 kiesze\u0144, kt\u00f3ra doskonale sprawdza si\u0119 jako podajnik np. na sztuce jednorazowe, \u0142y\u017ceczki, serwetki, przyprawy jak cukier, s\u00f3l, herbata w saszetkach. Posiada wbudowan\u0105 konstrukcj\u0119 na dozowanie kubeczk\u00f3w i wafli na lody.<\/p>\n<p align=\"JUSTIFY\">Akrylowy organizer do kawiarni na blat doskonale nadaje si\u0119 do miejsc komercyjnych. Wysoka konstrukcja u\u0142atwia za\u0142adowanie wystarczaj\u0105co du\u017cych zapas\u00f3w produktu dzi\u0119ki czemu unikniesz konieczno\u015bci ci\u0105g\u0142ego za\u0142adowywania towaru w czasie szczytu pracy np. podczas bankietu, pory \u015bniadania, lunchu, obiadu. Ka\u017cda komora wykonana jest z plexi, dzi\u0119ki czemu organizer jest \u0142atwiejszy w obs\u0142udze. Spowodowane jest to lepsz\u0105 dost\u0119pno\u015bci\u0105 do produkt\u00f3w. R\u00f3wnie\u017c dzi\u0119ki temu zabiegowi personel obs\u0142uguj\u0105cy dozownik, b\u0119dzie m\u00f3g\u0142 w prosty spos\u00f3b okre\u015bli\u0107, czy pokrywki, kubki lub inne elementy w nim si\u0119 znajduj\u0105ce nie wymagaj\u0105 uzupe\u0142nienia. Dzi\u0119ki Dozownikowi na kubki, serwetki i inne przyrz\u0105dy do obs\u0142ugi bar\u00f3w utrzymasz sw\u00f3j punkt obs\u0142ugi z napojami w harmonii i porz\u0105dku. Twoi klienci z pewno\u015bci\u0105 doceni\u0105 wygod\u0119 jak\u0105 im oferujesz dzi\u0119ki produktowi do prezentacji od Formedia.<\/p>\n<p>Oferujemy szerok\u0105 ofert\u0119 produkt\u00f3w z plexi do wyposa\u017cenia sklep\u00f3w, cukierni, restauracji, hoteli. Gabloty z plexi to praktyczne rozwi\u0105zanie wystawiennicze. Pojemniki od Formedia s\u0105 funkcjonalne, wykonane z dba\u0142o\u015bci\u0105 o szczeg\u00f3\u0142y. Za dodatkow\u0105 op\u0142at\u0105 mo\u017cliwo\u015b\u0107 personalizacji produktu za pomoc\u0105 graweru, naklejki lub trwa\u0142ego druku UV.<\/p>\n<p><span style=\"color: #ff0000;\"><strong>UWAGA!<\/strong><\/span><\/p>\n<p><span style=\"color: #ff0000;\">Nie nale\u017cy czy\u015bci\u0107 produkt\u00f3w z pleksi \u015brodkami na bazie alkoholu (np. spirytus, denaturat), poniewa\u017c mog\u0105 one powodowa\u0107 mikrop\u0119kni\u0119cia i zmatowienie powierzchni. Zamiast tego, do czyszczenia zaleca si\u0119 stosowanie ciep\u0142ej wody z myd\u0142em lub specjalistycznych preparat\u00f3w przeznaczonych do tworzyw sztucznych, a do przecierania u\u017cywa\u0107 mi\u0119kkiej \u015bciereczki z mikrofibry.<span class=\"uJ19be notranslate\" data-wiz-uids=\"WcvRbd_b,WcvRbd_c,WcvRbd_d\"><span class=\"vKEkVd\" data-animation-atomic=\"\">\u00a0<\/span><\/span><\/span><\/p>\n<p><strong>UWAGA!<\/strong><b><\/b><\/p>\n<p>? Inne kszta\u0142ty, kolory tworzywa, wymiary mo\u017cemy wykona\u0107 dla Pa\u0144stwa na zam\u00f3wienie. Zlecenia niestandardowe wyceniamy indywidualnie.<\/p>\n<p>? Przed z\u0142o\u017ceniem zam\u00f3wienia indywidualnego prosimy o kontakt z naszym biurem obs\u0142ugi klienta w celu ustalenia szczeg\u00f3\u0142\u00f3w: <strong><span style=\"color: #333333;\"><span style=\"color: #ff6600;\"><a style=\"color: #ff6600;\" href=\"tel:+48661036036\">tel. 661 036 036<\/a><\/span><\/span><\/strong><\/p>\n<p>? Oferujemy r\u00f3wnie\u017c znakowanie metod\u0105 grawerowania oraz nadruku utwardzanego \u015bwiat\u0142em UV.<\/p>\n<p>? Druk UV wykonujemy m.in. na: plexi, szkle, dibondzie, drewnie, kartonie, metalu, PCV.<\/p>\n<p>? Wyroby z plexi zabezpieczone s\u0105 foli\u0105 ochronn\u0105. Przed u\u017cyciem nale\u017cy j\u0105 \u015bci\u0105gn\u0105\u0107.<\/p>\n<p>? Sprawd<span style=\"font-family: Calibri, serif;\">\u017a<\/span> paczk<span style=\"font-family: Calibri, serif;\">\u0119<\/span> przy kurierze i oce<span style=\"font-family: Calibri, serif;\">\u0144<\/span> czy zawarto<span style=\"font-family: Calibri, serif;\">\u015b\u0107<\/span> nie jest uszkodzona! Protok<span style=\"font-family: Calibri, serif;\">\u00f3\u0142<\/span> szkody jest jedyn<span style=\"font-family: Calibri, serif;\">\u0105<\/span> podstaw<span style=\"font-family: Calibri, serif;\">\u0105<\/span> do reklamacji.<\/p>\n<p>[contact-form-7 id=&#8221;7734&#8243; title=&#8221;Potrzebujesz wyceny?&#8221;]<\/p>\n","protected":false},"excerpt":{"rendered":"<p>Produkt dost\u0119pny tylko na zam\u00f3wienie mailowe <a href=\"mailto:sklep@formedia.pl\">sklep@formedia.pl<\/a><\/p>\n<p><span style=\"color: #ff6600;\"><strong>Format zewn\u0119trzny<\/strong> <strong>(d\u0142. x szer. x wys.):<\/strong><\/span> 300 x 550 x 250 mm<\/p>\n<p><strong><span style=\"color: #ff6600;\">Liczba przedzia\u0142\u00f3w:<\/span><\/strong> 2<\/p>\n<p><strong><span style=\"color: #ff6600;\">Materia\u0142:<\/span><\/strong> plexi bezbarwna<\/p>\n<p><strong><span style=\"color: #ff6600;\">Kod produktu:<\/span> <\/strong>SDG7<\/p>\n<ul>\n<li>Dwupoziomowy dozownik<\/li>\n<li>dolna cz\u0119\u015b\u0107 do drobnych produkt\u00f3w np. \u0142y\u017ceczek, cukru<\/li>\n<li>mo\u017cliwo\u015b\u0107 za\u0142adowania du\u017cej ilo\u015bci kubk\u00f3w lub wafli do lod\u00f3w<\/li>\n<li>Konstrukcja z plexi do wyboru bezbarwna, czarna i mleczno-bia\u0142a<\/li>\n<\/ul>\n","protected":false},"featured_media":16401,"template":"","meta":[],"product_brand":[],"product_cat":[894,885,887,812,826],"product_tag":[],"woo-feed-brand":[],"class_list":{"0":"post-15143","1":"product","2":"type-product","3":"status-publish","4":"has-post-thumbnail","6":"product_cat-branza-spozywcza","7":"product_cat-podajniki-i-dozowniki","8":"product_cat-podajniki-na-cukierki","9":"product_cat-pojemniki","10":"product_cat-wyposazenie-dla-horeca","12":"first","13":"onbackorder","14":"taxable","15":"shipping-taxable","16":"purchasable","17":"product-type-simple"},"yoast_head":"<!-- This site is optimized with the Yoast SEO plugin v27.4 - https:\/\/yoast.com\/product\/yoast-seo-wordpress\/ -->\n<title>Pojemniki dozowniki na r\u00f3\u017cne produkty - Formedia<\/title>\n<meta name=\"description\" content=\"Producent wyrob\u00f3w z plexi. Sprawd\u017a Pojemniki dozowniki na r\u00f3\u017cne produkty. Indywidualne podej\u015bcie, w\u0142asne studio projektowe. Zapraszamy!\" \/>\n<meta name=\"robots\" content=\"index, follow, max-snippet:-1, max-image-preview:large, max-video-preview:-1\" \/>\n<link rel=\"canonical\" href=\"https:\/\/www.formedia.pl\/sklep\/produkt\/pojemnik-dozownik\/\" \/>\n<meta property=\"og:locale\" content=\"pl_PL\" \/>\n<meta property=\"og:type\" content=\"article\" \/>\n<meta property=\"og:title\" content=\"Pojemniki dozowniki na r\u00f3\u017cne produkty - Formedia\" \/>\n<meta property=\"og:description\" content=\"Producent wyrob\u00f3w z plexi. Sprawd\u017a Pojemniki dozowniki na r\u00f3\u017cne produkty. Indywidualne podej\u015bcie, w\u0142asne studio projektowe. Zapraszamy!\" \/>\n<meta property=\"og:url\" content=\"https:\/\/www.formedia.pl\/sklep\/produkt\/pojemnik-dozownik\/\" \/>\n<meta property=\"og:site_name\" content=\"Formedia\" \/>\n<meta property=\"article:publisher\" content=\"https:\/\/www.facebook.com\/formedia.bydgoszcz\/\" \/>\n<meta property=\"article:modified_time\" content=\"2026-04-01T06:26:07+00:00\" \/>\n<meta property=\"og:image\" content=\"https:\/\/www.formedia.pl\/sklep\/wp-content\/uploads\/2021\/04\/podajnik-na-wafle-dyspozytor-do-kubkow-jednorazowych.jpg\" \/>\n\t<meta property=\"og:image:width\" content=\"500\" \/>\n\t<meta property=\"og:image:height\" content=\"500\" \/>\n\t<meta property=\"og:image:type\" content=\"image\/jpeg\" \/>\n<meta name=\"twitter:card\" content=\"summary_large_image\" \/>\n<meta name=\"twitter:label1\" content=\"Szacowany czas czytania\" \/>\n\t<meta name=\"twitter:data1\" content=\"3 minuty\" \/>\n<script type=\"application\/ld+json\" class=\"yoast-schema-graph\">{\"@context\":\"https:\\\/\\\/schema.org\",\"@graph\":[{\"@type\":\"WebPage\",\"@id\":\"https:\\\/\\\/www.formedia.pl\\\/sklep\\\/produkt\\\/pojemnik-dozownik\\\/\",\"url\":\"https:\\\/\\\/www.formedia.pl\\\/sklep\\\/produkt\\\/pojemnik-dozownik\\\/\",\"name\":\"Pojemniki dozowniki na r\u00f3\u017cne produkty - Formedia\",\"isPartOf\":{\"@id\":\"https:\\\/\\\/www.formedia.pl\\\/sklep\\\/#website\"},\"primaryImageOfPage\":{\"@id\":\"https:\\\/\\\/www.formedia.pl\\\/sklep\\\/produkt\\\/pojemnik-dozownik\\\/#primaryimage\"},\"image\":{\"@id\":\"https:\\\/\\\/www.formedia.pl\\\/sklep\\\/produkt\\\/pojemnik-dozownik\\\/#primaryimage\"},\"thumbnailUrl\":\"https:\\\/\\\/www.formedia.pl\\\/sklep\\\/wp-content\\\/uploads\\\/2021\\\/04\\\/podajnik-na-wafle-dyspozytor-do-kubkow-jednorazowych.jpg\",\"datePublished\":\"2021-04-19T13:13:39+00:00\",\"dateModified\":\"2026-04-01T06:26:07+00:00\",\"description\":\"Producent wyrob\u00f3w z plexi. Sprawd\u017a Pojemniki dozowniki na r\u00f3\u017cne produkty. Indywidualne podej\u015bcie, w\u0142asne studio projektowe. Zapraszamy!\",\"breadcrumb\":{\"@id\":\"https:\\\/\\\/www.formedia.pl\\\/sklep\\\/produkt\\\/pojemnik-dozownik\\\/#breadcrumb\"},\"inLanguage\":\"pl-PL\",\"potentialAction\":[{\"@type\":\"ReadAction\",\"target\":[\"https:\\\/\\\/www.formedia.pl\\\/sklep\\\/produkt\\\/pojemnik-dozownik\\\/\"]}]},{\"@type\":\"ImageObject\",\"inLanguage\":\"pl-PL\",\"@id\":\"https:\\\/\\\/www.formedia.pl\\\/sklep\\\/produkt\\\/pojemnik-dozownik\\\/#primaryimage\",\"url\":\"https:\\\/\\\/www.formedia.pl\\\/sklep\\\/wp-content\\\/uploads\\\/2021\\\/04\\\/podajnik-na-wafle-dyspozytor-do-kubkow-jednorazowych.jpg\",\"contentUrl\":\"https:\\\/\\\/www.formedia.pl\\\/sklep\\\/wp-content\\\/uploads\\\/2021\\\/04\\\/podajnik-na-wafle-dyspozytor-do-kubkow-jednorazowych.jpg\",\"width\":500,\"height\":500,\"caption\":\"stojak na wafle s\u0142omki dodatki\"},{\"@type\":\"BreadcrumbList\",\"@id\":\"https:\\\/\\\/www.formedia.pl\\\/sklep\\\/produkt\\\/pojemnik-dozownik\\\/#breadcrumb\",\"itemListElement\":[{\"@type\":\"ListItem\",\"position\":1,\"name\":\"Strona g\u0142\u00f3wna\",\"item\":\"https:\\\/\\\/www.formedia.pl\\\/sklep\\\/\"},{\"@type\":\"ListItem\",\"position\":2,\"name\":\"Sklep\",\"item\":\"https:\\\/\\\/www.formedia.pl\\\/sklep\\\/\"},{\"@type\":\"ListItem\",\"position\":3,\"name\":\"Pojemniki dozowniki na r\u00f3\u017cne produkty\"}]},{\"@type\":\"WebSite\",\"@id\":\"https:\\\/\\\/www.formedia.pl\\\/sklep\\\/#website\",\"url\":\"https:\\\/\\\/www.formedia.pl\\\/sklep\\\/\",\"name\":\"Formedia\",\"description\":\"Producent wyrob\u00f3w z tworzyw sztucznych\",\"publisher\":{\"@id\":\"https:\\\/\\\/www.formedia.pl\\\/sklep\\\/#organization\"},\"alternateName\":\"Formedia\",\"potentialAction\":[{\"@type\":\"SearchAction\",\"target\":{\"@type\":\"EntryPoint\",\"urlTemplate\":\"https:\\\/\\\/www.formedia.pl\\\/sklep\\\/?s={search_term_string}\"},\"query-input\":{\"@type\":\"PropertyValueSpecification\",\"valueRequired\":true,\"valueName\":\"search_term_string\"}}],\"inLanguage\":\"pl-PL\"},{\"@type\":\"Organization\",\"@id\":\"https:\\\/\\\/www.formedia.pl\\\/sklep\\\/#organization\",\"name\":\"Formedia\",\"alternateName\":\"Formedia\",\"url\":\"https:\\\/\\\/www.formedia.pl\\\/sklep\\\/\",\"logo\":{\"@type\":\"ImageObject\",\"inLanguage\":\"pl-PL\",\"@id\":\"https:\\\/\\\/www.formedia.pl\\\/sklep\\\/#\\\/schema\\\/logo\\\/image\\\/\",\"url\":\"https:\\\/\\\/www.formedia.pl\\\/sklep\\\/wp-content\\\/uploads\\\/2025\\\/03\\\/1x1cropped-logo-WWW-ForMedia-bialy.png\",\"contentUrl\":\"https:\\\/\\\/www.formedia.pl\\\/sklep\\\/wp-content\\\/uploads\\\/2025\\\/03\\\/1x1cropped-logo-WWW-ForMedia-bialy.png\",\"width\":412,\"height\":412,\"caption\":\"Formedia\"},\"image\":{\"@id\":\"https:\\\/\\\/www.formedia.pl\\\/sklep\\\/#\\\/schema\\\/logo\\\/image\\\/\"},\"sameAs\":[\"https:\\\/\\\/www.facebook.com\\\/formedia.bydgoszcz\\\/\",\"https:\\\/\\\/www.youtube.com\\\/@formedia4306\"]}]}<\/script>\n<!-- \/ Yoast SEO plugin. -->","yoast_head_json":{"title":"Pojemniki dozowniki na r\u00f3\u017cne produkty - Formedia","description":"Producent wyrob\u00f3w z plexi. Sprawd\u017a Pojemniki dozowniki na r\u00f3\u017cne produkty. Indywidualne podej\u015bcie, w\u0142asne studio projektowe. Zapraszamy!","robots":{"index":"index","follow":"follow","max-snippet":"max-snippet:-1","max-image-preview":"max-image-preview:large","max-video-preview":"max-video-preview:-1"},"canonical":"https:\/\/www.formedia.pl\/sklep\/produkt\/pojemnik-dozownik\/","og_locale":"pl_PL","og_type":"article","og_title":"Pojemniki dozowniki na r\u00f3\u017cne produkty - Formedia","og_description":"Producent wyrob\u00f3w z plexi. Sprawd\u017a Pojemniki dozowniki na r\u00f3\u017cne produkty. Indywidualne podej\u015bcie, w\u0142asne studio projektowe. Zapraszamy!","og_url":"https:\/\/www.formedia.pl\/sklep\/produkt\/pojemnik-dozownik\/","og_site_name":"Formedia","article_publisher":"https:\/\/www.facebook.com\/formedia.bydgoszcz\/","article_modified_time":"2026-04-01T06:26:07+00:00","og_image":[{"width":500,"height":500,"url":"https:\/\/www.formedia.pl\/sklep\/wp-content\/uploads\/2021\/04\/podajnik-na-wafle-dyspozytor-do-kubkow-jednorazowych.jpg","type":"image\/jpeg"}],"twitter_card":"summary_large_image","twitter_misc":{"Szacowany czas czytania":"3 minuty"},"schema":{"@context":"https:\/\/schema.org","@graph":[{"@type":"WebPage","@id":"https:\/\/www.formedia.pl\/sklep\/produkt\/pojemnik-dozownik\/","url":"https:\/\/www.formedia.pl\/sklep\/produkt\/pojemnik-dozownik\/","name":"Pojemniki dozowniki na r\u00f3\u017cne produkty - Formedia","isPartOf":{"@id":"https:\/\/www.formedia.pl\/sklep\/#website"},"primaryImageOfPage":{"@id":"https:\/\/www.formedia.pl\/sklep\/produkt\/pojemnik-dozownik\/#primaryimage"},"image":{"@id":"https:\/\/www.formedia.pl\/sklep\/produkt\/pojemnik-dozownik\/#primaryimage"},"thumbnailUrl":"https:\/\/www.formedia.pl\/sklep\/wp-content\/uploads\/2021\/04\/podajnik-na-wafle-dyspozytor-do-kubkow-jednorazowych.jpg","datePublished":"2021-04-19T13:13:39+00:00","dateModified":"2026-04-01T06:26:07+00:00","description":"Producent wyrob\u00f3w z plexi. Sprawd\u017a Pojemniki dozowniki na r\u00f3\u017cne produkty. Indywidualne podej\u015bcie, w\u0142asne studio projektowe. Zapraszamy!","breadcrumb":{"@id":"https:\/\/www.formedia.pl\/sklep\/produkt\/pojemnik-dozownik\/#breadcrumb"},"inLanguage":"pl-PL","potentialAction":[{"@type":"ReadAction","target":["https:\/\/www.formedia.pl\/sklep\/produkt\/pojemnik-dozownik\/"]}]},{"@type":"ImageObject","inLanguage":"pl-PL","@id":"https:\/\/www.formedia.pl\/sklep\/produkt\/pojemnik-dozownik\/#primaryimage","url":"https:\/\/www.formedia.pl\/sklep\/wp-content\/uploads\/2021\/04\/podajnik-na-wafle-dyspozytor-do-kubkow-jednorazowych.jpg","contentUrl":"https:\/\/www.formedia.pl\/sklep\/wp-content\/uploads\/2021\/04\/podajnik-na-wafle-dyspozytor-do-kubkow-jednorazowych.jpg","width":500,"height":500,"caption":"stojak na wafle s\u0142omki dodatki"},{"@type":"BreadcrumbList","@id":"https:\/\/www.formedia.pl\/sklep\/produkt\/pojemnik-dozownik\/#breadcrumb","itemListElement":[{"@type":"ListItem","position":1,"name":"Strona g\u0142\u00f3wna","item":"https:\/\/www.formedia.pl\/sklep\/"},{"@type":"ListItem","position":2,"name":"Sklep","item":"https:\/\/www.formedia.pl\/sklep\/"},{"@type":"ListItem","position":3,"name":"Pojemniki dozowniki na r\u00f3\u017cne produkty"}]},{"@type":"WebSite","@id":"https:\/\/www.formedia.pl\/sklep\/#website","url":"https:\/\/www.formedia.pl\/sklep\/","name":"Formedia","description":"Producent wyrob\u00f3w z tworzyw sztucznych","publisher":{"@id":"https:\/\/www.formedia.pl\/sklep\/#organization"},"alternateName":"Formedia","potentialAction":[{"@type":"SearchAction","target":{"@type":"EntryPoint","urlTemplate":"https:\/\/www.formedia.pl\/sklep\/?s={search_term_string}"},"query-input":{"@type":"PropertyValueSpecification","valueRequired":true,"valueName":"search_term_string"}}],"inLanguage":"pl-PL"},{"@type":"Organization","@id":"https:\/\/www.formedia.pl\/sklep\/#organization","name":"Formedia","alternateName":"Formedia","url":"https:\/\/www.formedia.pl\/sklep\/","logo":{"@type":"ImageObject","inLanguage":"pl-PL","@id":"https:\/\/www.formedia.pl\/sklep\/#\/schema\/logo\/image\/","url":"https:\/\/www.formedia.pl\/sklep\/wp-content\/uploads\/2025\/03\/1x1cropped-logo-WWW-ForMedia-bialy.png","contentUrl":"https:\/\/www.formedia.pl\/sklep\/wp-content\/uploads\/2025\/03\/1x1cropped-logo-WWW-ForMedia-bialy.png","width":412,"height":412,"caption":"Formedia"},"image":{"@id":"https:\/\/www.formedia.pl\/sklep\/#\/schema\/logo\/image\/"},"sameAs":["https:\/\/www.facebook.com\/formedia.bydgoszcz\/","https:\/\/www.youtube.com\/@formedia4306"]}]}},"_links":{"self":[{"href":"https:\/\/www.formedia.pl\/sklep\/wp-json\/wp\/v2\/product\/15143","targetHints":{"allow":["GET"]}}],"collection":[{"href":"https:\/\/www.formedia.pl\/sklep\/wp-json\/wp\/v2\/product"}],"about":[{"href":"https:\/\/www.formedia.pl\/sklep\/wp-json\/wp\/v2\/types\/product"}],"wp:featuredmedia":[{"embeddable":true,"href":"https:\/\/www.formedia.pl\/sklep\/wp-json\/wp\/v2\/media\/16401"}],"wp:attachment":[{"href":"https:\/\/www.formedia.pl\/sklep\/wp-json\/wp\/v2\/media?parent=15143"}],"wp:term":[{"taxonomy":"product_brand","embeddable":true,"href":"https:\/\/www.formedia.pl\/sklep\/wp-json\/wp\/v2\/product_brand?post=15143"},{"taxonomy":"product_cat","embeddable":true,"href":"https:\/\/www.formedia.pl\/sklep\/wp-json\/wp\/v2\/product_cat?post=15143"},{"taxonomy":"product_tag","embeddable":true,"href":"https:\/\/www.formedia.pl\/sklep\/wp-json\/wp\/v2\/product_tag?post=15143"},{"taxonomy":"woo-feed-brand","embeddable":true,"href":"https:\/\/www.formedia.pl\/sklep\/wp-json\/wp\/v2\/woo-feed-brand?post=15143"}],"curies":[{"name":"wp","href":"https:\/\/api.w.org\/{rel}","templated":true}]}}