{"id":164,"date":"2019-02-06T10:19:11","date_gmt":"2019-02-06T09:19:11","guid":{"rendered":"http:\/\/formedia.pl\/sklep\/index.php\/produkt\/stojak-a7-poziomy-typu-l-cenowka-z-plexi\/"},"modified":"2026-04-01T08:24:17","modified_gmt":"2026-04-01T06:24:17","slug":"stojak-a7-poziomy-typu-l-cenowka-z-plexi","status":"publish","type":"product","link":"https:\/\/www.formedia.pl\/sklep\/produkt\/stojak-a7-poziomy-typu-l-cenowka-z-plexi\/","title":{"rendered":"Stojak A7 poziomy typu L cen\u00f3wka z plexi 50 sztuk"},"content":{"rendered":"<h2><span style=\"color: #ff6600;\">Stojaki informacyjno-reklamowe A7 typu L <\/span><\/h2>\n<p>Ekspozytory reklamowe z plexi stanowi\u0105 doskona\u0142e rozwi\u0105zanie dla uzyskania czytelnego opisu produktu,\u00a0 ceny, meny, numeru sto\u0142\u00f3w czy instrukcji obs\u0142ugi. Poziome stojaki z plexi A7 w poziomie s\u0105 wielokrotnego u\u017cytku. Z \u0142atwo\u015bci\u0105 wymienisz w nich grafik\u0119.\u00a0 Polecamy ustawienie ich na p\u00f3\u0142ce sklepowej, blacie, biurku, po prostu w widocznym i \u0142atwo dost\u0119pnym miejscu. Doskonale nadaj\u0105 si\u0119 do prezentacji opis\u00f3w, informacji, cen produkt\u00f3w jak i r\u00f3\u017cnego rodzaju us\u0142ug. Najcz\u0119\u015bciej u\u017cywane s\u0105 w restauracjach, biurach, urz\u0119dach czy sklepach. Idealnie sprawdzaj\u0105 si\u0119 te\u017c jako ramki do zdj\u0119\u0107. W Formedia posiadamy szerok\u0105 ofert\u0119 stojak\u00f3w informacyjnych typu L od wymiaru A4 do A7.<\/p>\n<p align=\"JUSTIFY\"><strong>UWAGA!<\/strong><\/p>\n<ul>\n<li>Na fotografii jest przyk\u0142adowa prezentacja produktu.<\/li>\n<li>Inne wzory, kszta\u0142ty, kolory tworzywa mo\u017cemy wykona\u0107 dla Pa\u0144stwa na zam\u00f3wienie mailowe. Przed z\u0142o\u017ceniem zam\u00f3wienia indywidualnego prosimy o kontakt z naszym biurem obs\u0142ugi klienta w celu ustalenia szczeg\u00f3\u0142\u00f3w:\u00a0<strong><a href=\"tel:+48661036036\">tel. 661 036 036<\/a><\/strong><\/li>\n<li>Oferujemy r\u00f3wnie\u017c znakowanie metod\u0105 grawerowania oraz nadruku utwardzanego \u015bwiat\u0142em UV.<\/li>\n<li>Druk UV wykonujemy m.in. na: plexi, szkle, dibondzie, drewnie, kartonie, metalu, PCV.<\/li>\n<li>Wyroby z plexi zabezpieczone s\u0105 foli\u0105 ochronn\u0105. Przed u\u017cyciem nale\u017cy j\u0105 \u015bci\u0105gn\u0105\u0107.<\/li>\n<li>Sprawd\u017a\u00a0paczk\u0119\u00a0przy kurierze i oce\u0144\u00a0czy zawarto\u015b\u0107\u00a0nie jest uszkodzona! Protok\u00f3\u0142\u00a0szkody jest jedyn\u0105\u00a0podstaw\u0105\u00a0do reklamacji.<\/li>\n<\/ul>\n","protected":false},"excerpt":{"rendered":"<ul>\n<li>Produkt sprzedawany w kompletach po 50 szt.<\/li>\n<li><span style=\"color: #ff6600;\"><strong><span style=\"color: #ff6600;\">Wymiary kartki (szer. x wys.):<\/span> <\/strong><\/span>105 mm x 74 mm<\/li>\n<li><span style=\"color: #ff6600;\"><strong> Wymiary stojaka (d\u0142. x szer. x wys.): <\/strong><\/span>\u00a030 mm x 107 mm x 77 mm<\/li>\n<li><span style=\"color: #ff6600;\"><strong> Materia\u0142: <\/strong><\/span>plexi bezbarwna grubo\u015bci 2 mm<\/li>\n<li><strong><span style=\"color: #ff6600;\">Kod produktu: <\/span><\/strong>SIL10A 7POZIOM<\/li>\n<\/ul>\n","protected":false},"featured_media":17233,"template":"","meta":[],"product_brand":[],"product_cat":[863,831,216],"product_tag":[],"woo-feed-brand":[],"class_list":{"0":"post-164","1":"product","2":"type-product","3":"status-publish","4":"has-post-thumbnail","6":"product_cat-cenowki","7":"product_cat-stojaki-informacyjne-typu-l","8":"product_cat-stojaki-reklamowe-z-pleksi","10":"first","11":"instock","12":"taxable","13":"shipping-taxable","14":"purchasable","15":"product-type-simple"},"yoast_head":"<!-- This site is optimized with the Yoast SEO plugin v27.4 - https:\/\/yoast.com\/product\/yoast-seo-wordpress\/ -->\n<title>Stojak A7 poziomy typu L cen\u00f3wka z plexi 50 sztuk - Formedia<\/title>\n<meta name=\"description\" content=\"Producent wyrob\u00f3w z plexi. Sprawd\u017a Stojak A7 poziomy typu L cen\u00f3wka z plexi 50 sztuk. Indywidualne podej\u015bcie, w\u0142asne studio projektowe. Zapraszamy!\" \/>\n<meta name=\"robots\" content=\"index, follow, max-snippet:-1, max-image-preview:large, max-video-preview:-1\" \/>\n<link rel=\"canonical\" href=\"https:\/\/www.formedia.pl\/sklep\/produkt\/stojak-a7-poziomy-typu-l-cenowka-z-plexi\/\" \/>\n<meta property=\"og:locale\" content=\"pl_PL\" \/>\n<meta property=\"og:type\" content=\"article\" \/>\n<meta property=\"og:title\" content=\"Stojak A7 poziomy typu L cen\u00f3wka z plexi 50 sztuk - Formedia\" \/>\n<meta property=\"og:description\" content=\"Producent wyrob\u00f3w z plexi. Sprawd\u017a Stojak A7 poziomy typu L cen\u00f3wka z plexi 50 sztuk. Indywidualne podej\u015bcie, w\u0142asne studio projektowe. Zapraszamy!\" \/>\n<meta property=\"og:url\" content=\"https:\/\/www.formedia.pl\/sklep\/produkt\/stojak-a7-poziomy-typu-l-cenowka-z-plexi\/\" \/>\n<meta property=\"og:site_name\" content=\"Formedia\" \/>\n<meta property=\"article:publisher\" content=\"https:\/\/www.facebook.com\/formedia.bydgoszcz\/\" \/>\n<meta property=\"article:modified_time\" content=\"2026-04-01T06:24:17+00:00\" \/>\n<meta property=\"og:image\" content=\"https:\/\/www.formedia.pl\/sklep\/wp-content\/uploads\/2019\/02\/stojak-na-ulotki-cenowka-poziom-typu-L-A6-A7-A4-A5-DL-1.jpg\" \/>\n\t<meta property=\"og:image:width\" content=\"504\" \/>\n\t<meta property=\"og:image:height\" content=\"503\" \/>\n\t<meta property=\"og:image:type\" content=\"image\/jpeg\" \/>\n<meta name=\"twitter:card\" content=\"summary_large_image\" \/>\n<meta name=\"twitter:label1\" content=\"Szacowany czas czytania\" \/>\n\t<meta name=\"twitter:data1\" content=\"1 minuta\" \/>\n<script type=\"application\/ld+json\" class=\"yoast-schema-graph\">{\"@context\":\"https:\\\/\\\/schema.org\",\"@graph\":[{\"@type\":\"WebPage\",\"@id\":\"https:\\\/\\\/www.formedia.pl\\\/sklep\\\/produkt\\\/stojak-a7-poziomy-typu-l-cenowka-z-plexi\\\/\",\"url\":\"https:\\\/\\\/www.formedia.pl\\\/sklep\\\/produkt\\\/stojak-a7-poziomy-typu-l-cenowka-z-plexi\\\/\",\"name\":\"Stojak A7 poziomy typu L cen\u00f3wka z plexi 50 sztuk - Formedia\",\"isPartOf\":{\"@id\":\"https:\\\/\\\/www.formedia.pl\\\/sklep\\\/#website\"},\"primaryImageOfPage\":{\"@id\":\"https:\\\/\\\/www.formedia.pl\\\/sklep\\\/produkt\\\/stojak-a7-poziomy-typu-l-cenowka-z-plexi\\\/#primaryimage\"},\"image\":{\"@id\":\"https:\\\/\\\/www.formedia.pl\\\/sklep\\\/produkt\\\/stojak-a7-poziomy-typu-l-cenowka-z-plexi\\\/#primaryimage\"},\"thumbnailUrl\":\"https:\\\/\\\/www.formedia.pl\\\/sklep\\\/wp-content\\\/uploads\\\/2019\\\/02\\\/stojak-na-ulotki-cenowka-poziom-typu-L-A6-A7-A4-A5-DL-1.jpg\",\"datePublished\":\"2019-02-06T09:19:11+00:00\",\"dateModified\":\"2026-04-01T06:24:17+00:00\",\"description\":\"Producent wyrob\u00f3w z plexi. Sprawd\u017a Stojak A7 poziomy typu L cen\u00f3wka z plexi 50 sztuk. Indywidualne podej\u015bcie, w\u0142asne studio projektowe. Zapraszamy!\",\"breadcrumb\":{\"@id\":\"https:\\\/\\\/www.formedia.pl\\\/sklep\\\/produkt\\\/stojak-a7-poziomy-typu-l-cenowka-z-plexi\\\/#breadcrumb\"},\"inLanguage\":\"pl-PL\",\"potentialAction\":[{\"@type\":\"ReadAction\",\"target\":[\"https:\\\/\\\/www.formedia.pl\\\/sklep\\\/produkt\\\/stojak-a7-poziomy-typu-l-cenowka-z-plexi\\\/\"]}]},{\"@type\":\"ImageObject\",\"inLanguage\":\"pl-PL\",\"@id\":\"https:\\\/\\\/www.formedia.pl\\\/sklep\\\/produkt\\\/stojak-a7-poziomy-typu-l-cenowka-z-plexi\\\/#primaryimage\",\"url\":\"https:\\\/\\\/www.formedia.pl\\\/sklep\\\/wp-content\\\/uploads\\\/2019\\\/02\\\/stojak-na-ulotki-cenowka-poziom-typu-L-A6-A7-A4-A5-DL-1.jpg\",\"contentUrl\":\"https:\\\/\\\/www.formedia.pl\\\/sklep\\\/wp-content\\\/uploads\\\/2019\\\/02\\\/stojak-na-ulotki-cenowka-poziom-typu-L-A6-A7-A4-A5-DL-1.jpg\",\"width\":504,\"height\":503,\"caption\":\"cenowka stojak z plexi do wsuwania ceny\"},{\"@type\":\"BreadcrumbList\",\"@id\":\"https:\\\/\\\/www.formedia.pl\\\/sklep\\\/produkt\\\/stojak-a7-poziomy-typu-l-cenowka-z-plexi\\\/#breadcrumb\",\"itemListElement\":[{\"@type\":\"ListItem\",\"position\":1,\"name\":\"Strona g\u0142\u00f3wna\",\"item\":\"https:\\\/\\\/www.formedia.pl\\\/sklep\\\/\"},{\"@type\":\"ListItem\",\"position\":2,\"name\":\"Sklep\",\"item\":\"https:\\\/\\\/www.formedia.pl\\\/sklep\\\/\"},{\"@type\":\"ListItem\",\"position\":3,\"name\":\"Stojak A7 poziomy typu L cen\u00f3wka z plexi 50 sztuk\"}]},{\"@type\":\"WebSite\",\"@id\":\"https:\\\/\\\/www.formedia.pl\\\/sklep\\\/#website\",\"url\":\"https:\\\/\\\/www.formedia.pl\\\/sklep\\\/\",\"name\":\"Formedia\",\"description\":\"Producent wyrob\u00f3w z tworzyw sztucznych\",\"publisher\":{\"@id\":\"https:\\\/\\\/www.formedia.pl\\\/sklep\\\/#organization\"},\"alternateName\":\"Formedia\",\"potentialAction\":[{\"@type\":\"SearchAction\",\"target\":{\"@type\":\"EntryPoint\",\"urlTemplate\":\"https:\\\/\\\/www.formedia.pl\\\/sklep\\\/?s={search_term_string}\"},\"query-input\":{\"@type\":\"PropertyValueSpecification\",\"valueRequired\":true,\"valueName\":\"search_term_string\"}}],\"inLanguage\":\"pl-PL\"},{\"@type\":\"Organization\",\"@id\":\"https:\\\/\\\/www.formedia.pl\\\/sklep\\\/#organization\",\"name\":\"Formedia\",\"alternateName\":\"Formedia\",\"url\":\"https:\\\/\\\/www.formedia.pl\\\/sklep\\\/\",\"logo\":{\"@type\":\"ImageObject\",\"inLanguage\":\"pl-PL\",\"@id\":\"https:\\\/\\\/www.formedia.pl\\\/sklep\\\/#\\\/schema\\\/logo\\\/image\\\/\",\"url\":\"https:\\\/\\\/www.formedia.pl\\\/sklep\\\/wp-content\\\/uploads\\\/2025\\\/03\\\/1x1cropped-logo-WWW-ForMedia-bialy.png\",\"contentUrl\":\"https:\\\/\\\/www.formedia.pl\\\/sklep\\\/wp-content\\\/uploads\\\/2025\\\/03\\\/1x1cropped-logo-WWW-ForMedia-bialy.png\",\"width\":412,\"height\":412,\"caption\":\"Formedia\"},\"image\":{\"@id\":\"https:\\\/\\\/www.formedia.pl\\\/sklep\\\/#\\\/schema\\\/logo\\\/image\\\/\"},\"sameAs\":[\"https:\\\/\\\/www.facebook.com\\\/formedia.bydgoszcz\\\/\",\"https:\\\/\\\/www.youtube.com\\\/@formedia4306\"]}]}<\/script>\n<!-- \/ Yoast SEO plugin. -->","yoast_head_json":{"title":"Stojak A7 poziomy typu L cen\u00f3wka z plexi 50 sztuk - Formedia","description":"Producent wyrob\u00f3w z plexi. Sprawd\u017a Stojak A7 poziomy typu L cen\u00f3wka z plexi 50 sztuk. Indywidualne podej\u015bcie, w\u0142asne studio projektowe. Zapraszamy!","robots":{"index":"index","follow":"follow","max-snippet":"max-snippet:-1","max-image-preview":"max-image-preview:large","max-video-preview":"max-video-preview:-1"},"canonical":"https:\/\/www.formedia.pl\/sklep\/produkt\/stojak-a7-poziomy-typu-l-cenowka-z-plexi\/","og_locale":"pl_PL","og_type":"article","og_title":"Stojak A7 poziomy typu L cen\u00f3wka z plexi 50 sztuk - Formedia","og_description":"Producent wyrob\u00f3w z plexi. Sprawd\u017a Stojak A7 poziomy typu L cen\u00f3wka z plexi 50 sztuk. Indywidualne podej\u015bcie, w\u0142asne studio projektowe. Zapraszamy!","og_url":"https:\/\/www.formedia.pl\/sklep\/produkt\/stojak-a7-poziomy-typu-l-cenowka-z-plexi\/","og_site_name":"Formedia","article_publisher":"https:\/\/www.facebook.com\/formedia.bydgoszcz\/","article_modified_time":"2026-04-01T06:24:17+00:00","og_image":[{"width":504,"height":503,"url":"https:\/\/www.formedia.pl\/sklep\/wp-content\/uploads\/2019\/02\/stojak-na-ulotki-cenowka-poziom-typu-L-A6-A7-A4-A5-DL-1.jpg","type":"image\/jpeg"}],"twitter_card":"summary_large_image","twitter_misc":{"Szacowany czas czytania":"1 minuta"},"schema":{"@context":"https:\/\/schema.org","@graph":[{"@type":"WebPage","@id":"https:\/\/www.formedia.pl\/sklep\/produkt\/stojak-a7-poziomy-typu-l-cenowka-z-plexi\/","url":"https:\/\/www.formedia.pl\/sklep\/produkt\/stojak-a7-poziomy-typu-l-cenowka-z-plexi\/","name":"Stojak A7 poziomy typu L cen\u00f3wka z plexi 50 sztuk - Formedia","isPartOf":{"@id":"https:\/\/www.formedia.pl\/sklep\/#website"},"primaryImageOfPage":{"@id":"https:\/\/www.formedia.pl\/sklep\/produkt\/stojak-a7-poziomy-typu-l-cenowka-z-plexi\/#primaryimage"},"image":{"@id":"https:\/\/www.formedia.pl\/sklep\/produkt\/stojak-a7-poziomy-typu-l-cenowka-z-plexi\/#primaryimage"},"thumbnailUrl":"https:\/\/www.formedia.pl\/sklep\/wp-content\/uploads\/2019\/02\/stojak-na-ulotki-cenowka-poziom-typu-L-A6-A7-A4-A5-DL-1.jpg","datePublished":"2019-02-06T09:19:11+00:00","dateModified":"2026-04-01T06:24:17+00:00","description":"Producent wyrob\u00f3w z plexi. Sprawd\u017a Stojak A7 poziomy typu L cen\u00f3wka z plexi 50 sztuk. Indywidualne podej\u015bcie, w\u0142asne studio projektowe. Zapraszamy!","breadcrumb":{"@id":"https:\/\/www.formedia.pl\/sklep\/produkt\/stojak-a7-poziomy-typu-l-cenowka-z-plexi\/#breadcrumb"},"inLanguage":"pl-PL","potentialAction":[{"@type":"ReadAction","target":["https:\/\/www.formedia.pl\/sklep\/produkt\/stojak-a7-poziomy-typu-l-cenowka-z-plexi\/"]}]},{"@type":"ImageObject","inLanguage":"pl-PL","@id":"https:\/\/www.formedia.pl\/sklep\/produkt\/stojak-a7-poziomy-typu-l-cenowka-z-plexi\/#primaryimage","url":"https:\/\/www.formedia.pl\/sklep\/wp-content\/uploads\/2019\/02\/stojak-na-ulotki-cenowka-poziom-typu-L-A6-A7-A4-A5-DL-1.jpg","contentUrl":"https:\/\/www.formedia.pl\/sklep\/wp-content\/uploads\/2019\/02\/stojak-na-ulotki-cenowka-poziom-typu-L-A6-A7-A4-A5-DL-1.jpg","width":504,"height":503,"caption":"cenowka stojak z plexi do wsuwania ceny"},{"@type":"BreadcrumbList","@id":"https:\/\/www.formedia.pl\/sklep\/produkt\/stojak-a7-poziomy-typu-l-cenowka-z-plexi\/#breadcrumb","itemListElement":[{"@type":"ListItem","position":1,"name":"Strona g\u0142\u00f3wna","item":"https:\/\/www.formedia.pl\/sklep\/"},{"@type":"ListItem","position":2,"name":"Sklep","item":"https:\/\/www.formedia.pl\/sklep\/"},{"@type":"ListItem","position":3,"name":"Stojak A7 poziomy typu L cen\u00f3wka z plexi 50 sztuk"}]},{"@type":"WebSite","@id":"https:\/\/www.formedia.pl\/sklep\/#website","url":"https:\/\/www.formedia.pl\/sklep\/","name":"Formedia","description":"Producent wyrob\u00f3w z tworzyw sztucznych","publisher":{"@id":"https:\/\/www.formedia.pl\/sklep\/#organization"},"alternateName":"Formedia","potentialAction":[{"@type":"SearchAction","target":{"@type":"EntryPoint","urlTemplate":"https:\/\/www.formedia.pl\/sklep\/?s={search_term_string}"},"query-input":{"@type":"PropertyValueSpecification","valueRequired":true,"valueName":"search_term_string"}}],"inLanguage":"pl-PL"},{"@type":"Organization","@id":"https:\/\/www.formedia.pl\/sklep\/#organization","name":"Formedia","alternateName":"Formedia","url":"https:\/\/www.formedia.pl\/sklep\/","logo":{"@type":"ImageObject","inLanguage":"pl-PL","@id":"https:\/\/www.formedia.pl\/sklep\/#\/schema\/logo\/image\/","url":"https:\/\/www.formedia.pl\/sklep\/wp-content\/uploads\/2025\/03\/1x1cropped-logo-WWW-ForMedia-bialy.png","contentUrl":"https:\/\/www.formedia.pl\/sklep\/wp-content\/uploads\/2025\/03\/1x1cropped-logo-WWW-ForMedia-bialy.png","width":412,"height":412,"caption":"Formedia"},"image":{"@id":"https:\/\/www.formedia.pl\/sklep\/#\/schema\/logo\/image\/"},"sameAs":["https:\/\/www.facebook.com\/formedia.bydgoszcz\/","https:\/\/www.youtube.com\/@formedia4306"]}]}},"_links":{"self":[{"href":"https:\/\/www.formedia.pl\/sklep\/wp-json\/wp\/v2\/product\/164","targetHints":{"allow":["GET"]}}],"collection":[{"href":"https:\/\/www.formedia.pl\/sklep\/wp-json\/wp\/v2\/product"}],"about":[{"href":"https:\/\/www.formedia.pl\/sklep\/wp-json\/wp\/v2\/types\/product"}],"wp:featuredmedia":[{"embeddable":true,"href":"https:\/\/www.formedia.pl\/sklep\/wp-json\/wp\/v2\/media\/17233"}],"wp:attachment":[{"href":"https:\/\/www.formedia.pl\/sklep\/wp-json\/wp\/v2\/media?parent=164"}],"wp:term":[{"taxonomy":"product_brand","embeddable":true,"href":"https:\/\/www.formedia.pl\/sklep\/wp-json\/wp\/v2\/product_brand?post=164"},{"taxonomy":"product_cat","embeddable":true,"href":"https:\/\/www.formedia.pl\/sklep\/wp-json\/wp\/v2\/product_cat?post=164"},{"taxonomy":"product_tag","embeddable":true,"href":"https:\/\/www.formedia.pl\/sklep\/wp-json\/wp\/v2\/product_tag?post=164"},{"taxonomy":"woo-feed-brand","embeddable":true,"href":"https:\/\/www.formedia.pl\/sklep\/wp-json\/wp\/v2\/woo-feed-brand?post=164"}],"curies":[{"name":"wp","href":"https:\/\/api.w.org\/{rel}","templated":true}]}}