{"id":22354,"date":"2023-05-29T12:20:58","date_gmt":"2023-05-29T10:20:58","guid":{"rendered":"https:\/\/www.formedia.pl\/sklep\/?post_type=product&#038;p=22354"},"modified":"2026-04-01T08:26:50","modified_gmt":"2026-04-01T06:26:50","slug":"parawan-wyborczy-skladany-skrzydlo-60x60cm-pcv-wzor-b","status":"publish","type":"product","link":"https:\/\/www.formedia.pl\/sklep\/produkt\/parawan-wyborczy-skladany-skrzydlo-60x60cm-pcv-wzor-b\/","title":{"rendered":"Parawan wyborczy &#8211; sk\u0142adany, skrzyd\u0142o 60x60cm, PCV, wz\u00f3r B"},"content":{"rendered":"<p>Parawan wyborczy to przeno\u015bna, sk\u0142adana konstrukcja u\u017cywana podczas procesu g\u0142osowania, maj\u0105ca na celu zapewni\u0107 tajno\u015b\u0107 i poufno\u015b\u0107 wyboru. Parawan sk\u0142ada si\u0119 z dw\u00f3ch paneli, kt\u00f3re s\u0105 ze sob\u0105 po\u0142\u0105czone. G\u0142\u00f3wnym celem parawanu wyborczego jest ochrona prywatno\u015bci wyborcy podczas oddawania g\u0142osu.<\/p>\n<p>Nasz parawan wyborczy jest wykonany z lekkiego i trwa\u0142ego materia\u0142u, spienionego PCV o grubo\u015bci 6mm, co umo\u017cliwia jego \u0142atwe przenoszenie i sk\u0142adanie. Parawany s\u0105 zazwyczaj wystarczaj\u0105co wysokie, aby zas\u0142oni\u0107 wyborc\u0119 od innych os\u00f3b obecnych w lokalu wyborczym, co zapewnia wi\u0119ksz\u0105 prywatno\u015b\u0107 podczas g\u0142osowania.<\/p>\n<p>Podczas g\u0142osowania, wyborca przechodzi za parawan, aby mie\u0107 prywatno\u015b\u0107 podczas zaznaczania swojego wyboru na karcie do g\u0142osowania lub w przypadku urz\u0105dze\u0144 elektronicznych, dokonywania wyboru na ekranie. Parawan wyborczy zapewnia ochron\u0119 przed wzrokiem innych os\u00f3b, co jest istotne dla zachowania tajno\u015bci g\u0142osu i unikni\u0119cia nacisku lub manipulacji.<\/p>\n<p>Parawany wyborcze s\u0105 powszechnie stosowane w wielu krajach, aby zagwarantowa\u0107 wyborcom wolno\u015b\u0107 wyboru i przestrzeganie zasad demokratycznych. Stanowi\u0105 wa\u017cny element infrastruktury wyborczej, poniewa\u017c umo\u017cliwiaj\u0105 uczestnictwo obywateli w procesie wyborczym, zapewniaj\u0105c jednocze\u015bnie ochron\u0119 ich prywatno\u015bci i tajno\u015bci g\u0142osu.<\/p>\n","protected":false},"excerpt":{"rendered":"<h4><span style=\"color: #ff6600;\"><strong>Dla jednostek samorz\u0105dowych wystawiamy faktury na przelew 14 dni.\u00a0<\/strong><\/span><\/h4>\n<ul>\n<li><strong><span style=\"color: #ff6600;\">Wymiary skrzyd\u0142a:<\/span><\/strong> 60&#215;60 cm<\/li>\n<li><strong><span style=\"color: #ff6600;\">Materia\u0142:<\/span><\/strong> spienione PCV 6mm<\/li>\n<li><strong><span style=\"color: #ff6600;\">Druk:<\/span><\/strong> UV<\/li>\n<li><strong><span style=\"color: #ff6600;\">Inny wz\u00f3r? <\/span><\/strong>Napisz do nas: sklep@formedia.pl<\/li>\n<li><strong><span style=\"color: #ff6600;\">Kod produktu:<\/span><\/strong> PARB<\/li>\n<\/ul>\n","protected":false},"featured_media":22930,"template":"","meta":[],"product_brand":[],"product_cat":[803,383],"product_tag":[],"woo-feed-brand":[],"class_list":{"0":"post-22354","1":"product","2":"type-product","3":"status-publish","4":"has-post-thumbnail","6":"product_cat-parawany-wyborcze","7":"product_cat-wybory","9":"first","10":"instock","11":"taxable","12":"shipping-taxable","13":"purchasable","14":"product-type-simple"},"yoast_head":"<!-- This site is optimized with the Yoast SEO plugin v27.4 - https:\/\/yoast.com\/product\/yoast-seo-wordpress\/ -->\n<title>Parawan wyborczy - sk\u0142adany, skrzyd\u0142o 60x60cm, PCV, wz\u00f3r B - Formedia<\/title>\n<meta name=\"description\" content=\"Producent wyrob\u00f3w z plexi. Sprawd\u017a Parawan wyborczy - sk\u0142adany, skrzyd\u0142o 60x60cm, PCV, wz\u00f3r B. Indywidualne podej\u015bcie, w\u0142asne studio projektowe. Zapraszamy!\" \/>\n<meta name=\"robots\" content=\"index, follow, max-snippet:-1, max-image-preview:large, max-video-preview:-1\" \/>\n<link rel=\"canonical\" href=\"https:\/\/www.formedia.pl\/sklep\/produkt\/parawan-wyborczy-skladany-skrzydlo-60x60cm-pcv-wzor-b\/\" \/>\n<meta property=\"og:locale\" content=\"pl_PL\" \/>\n<meta property=\"og:type\" content=\"article\" \/>\n<meta property=\"og:title\" content=\"Parawan wyborczy - sk\u0142adany, skrzyd\u0142o 60x60cm, PCV, wz\u00f3r B - Formedia\" \/>\n<meta property=\"og:description\" content=\"Producent wyrob\u00f3w z plexi. Sprawd\u017a Parawan wyborczy - sk\u0142adany, skrzyd\u0142o 60x60cm, PCV, wz\u00f3r B. Indywidualne podej\u015bcie, w\u0142asne studio projektowe. Zapraszamy!\" \/>\n<meta property=\"og:url\" content=\"https:\/\/www.formedia.pl\/sklep\/produkt\/parawan-wyborczy-skladany-skrzydlo-60x60cm-pcv-wzor-b\/\" \/>\n<meta property=\"og:site_name\" content=\"Formedia\" \/>\n<meta property=\"article:publisher\" content=\"https:\/\/www.facebook.com\/formedia.bydgoszcz\/\" \/>\n<meta property=\"article:modified_time\" content=\"2026-04-01T06:26:50+00:00\" \/>\n<meta property=\"og:image\" content=\"https:\/\/www.formedia.pl\/sklep\/wp-content\/uploads\/2023\/05\/parB.jpg\" \/>\n\t<meta property=\"og:image:width\" content=\"1609\" \/>\n\t<meta property=\"og:image:height\" content=\"1385\" \/>\n\t<meta property=\"og:image:type\" content=\"image\/jpeg\" \/>\n<meta name=\"twitter:card\" content=\"summary_large_image\" \/>\n<meta name=\"twitter:label1\" content=\"Szacowany czas czytania\" \/>\n\t<meta name=\"twitter:data1\" content=\"2 minuty\" \/>\n<script type=\"application\/ld+json\" class=\"yoast-schema-graph\">{\"@context\":\"https:\\\/\\\/schema.org\",\"@graph\":[{\"@type\":\"WebPage\",\"@id\":\"https:\\\/\\\/www.formedia.pl\\\/sklep\\\/produkt\\\/parawan-wyborczy-skladany-skrzydlo-60x60cm-pcv-wzor-b\\\/\",\"url\":\"https:\\\/\\\/www.formedia.pl\\\/sklep\\\/produkt\\\/parawan-wyborczy-skladany-skrzydlo-60x60cm-pcv-wzor-b\\\/\",\"name\":\"Parawan wyborczy - sk\u0142adany, skrzyd\u0142o 60x60cm, PCV, wz\u00f3r B - Formedia\",\"isPartOf\":{\"@id\":\"https:\\\/\\\/www.formedia.pl\\\/sklep\\\/#website\"},\"primaryImageOfPage\":{\"@id\":\"https:\\\/\\\/www.formedia.pl\\\/sklep\\\/produkt\\\/parawan-wyborczy-skladany-skrzydlo-60x60cm-pcv-wzor-b\\\/#primaryimage\"},\"image\":{\"@id\":\"https:\\\/\\\/www.formedia.pl\\\/sklep\\\/produkt\\\/parawan-wyborczy-skladany-skrzydlo-60x60cm-pcv-wzor-b\\\/#primaryimage\"},\"thumbnailUrl\":\"https:\\\/\\\/www.formedia.pl\\\/sklep\\\/wp-content\\\/uploads\\\/2023\\\/05\\\/parB.jpg\",\"datePublished\":\"2023-05-29T10:20:58+00:00\",\"dateModified\":\"2026-04-01T06:26:50+00:00\",\"description\":\"Producent wyrob\u00f3w z plexi. Sprawd\u017a Parawan wyborczy - sk\u0142adany, skrzyd\u0142o 60x60cm, PCV, wz\u00f3r B. Indywidualne podej\u015bcie, w\u0142asne studio projektowe. Zapraszamy!\",\"breadcrumb\":{\"@id\":\"https:\\\/\\\/www.formedia.pl\\\/sklep\\\/produkt\\\/parawan-wyborczy-skladany-skrzydlo-60x60cm-pcv-wzor-b\\\/#breadcrumb\"},\"inLanguage\":\"pl-PL\",\"potentialAction\":[{\"@type\":\"ReadAction\",\"target\":[\"https:\\\/\\\/www.formedia.pl\\\/sklep\\\/produkt\\\/parawan-wyborczy-skladany-skrzydlo-60x60cm-pcv-wzor-b\\\/\"]}]},{\"@type\":\"ImageObject\",\"inLanguage\":\"pl-PL\",\"@id\":\"https:\\\/\\\/www.formedia.pl\\\/sklep\\\/produkt\\\/parawan-wyborczy-skladany-skrzydlo-60x60cm-pcv-wzor-b\\\/#primaryimage\",\"url\":\"https:\\\/\\\/www.formedia.pl\\\/sklep\\\/wp-content\\\/uploads\\\/2023\\\/05\\\/parB.jpg\",\"contentUrl\":\"https:\\\/\\\/www.formedia.pl\\\/sklep\\\/wp-content\\\/uploads\\\/2023\\\/05\\\/parB.jpg\",\"width\":1609,\"height\":1385},{\"@type\":\"BreadcrumbList\",\"@id\":\"https:\\\/\\\/www.formedia.pl\\\/sklep\\\/produkt\\\/parawan-wyborczy-skladany-skrzydlo-60x60cm-pcv-wzor-b\\\/#breadcrumb\",\"itemListElement\":[{\"@type\":\"ListItem\",\"position\":1,\"name\":\"Strona g\u0142\u00f3wna\",\"item\":\"https:\\\/\\\/www.formedia.pl\\\/sklep\\\/\"},{\"@type\":\"ListItem\",\"position\":2,\"name\":\"Sklep\",\"item\":\"https:\\\/\\\/www.formedia.pl\\\/sklep\\\/\"},{\"@type\":\"ListItem\",\"position\":3,\"name\":\"Parawan wyborczy &#8211; sk\u0142adany, skrzyd\u0142o 60x60cm, PCV, wz\u00f3r B\"}]},{\"@type\":\"WebSite\",\"@id\":\"https:\\\/\\\/www.formedia.pl\\\/sklep\\\/#website\",\"url\":\"https:\\\/\\\/www.formedia.pl\\\/sklep\\\/\",\"name\":\"Formedia\",\"description\":\"Producent wyrob\u00f3w z tworzyw sztucznych\",\"publisher\":{\"@id\":\"https:\\\/\\\/www.formedia.pl\\\/sklep\\\/#organization\"},\"alternateName\":\"Formedia\",\"potentialAction\":[{\"@type\":\"SearchAction\",\"target\":{\"@type\":\"EntryPoint\",\"urlTemplate\":\"https:\\\/\\\/www.formedia.pl\\\/sklep\\\/?s={search_term_string}\"},\"query-input\":{\"@type\":\"PropertyValueSpecification\",\"valueRequired\":true,\"valueName\":\"search_term_string\"}}],\"inLanguage\":\"pl-PL\"},{\"@type\":\"Organization\",\"@id\":\"https:\\\/\\\/www.formedia.pl\\\/sklep\\\/#organization\",\"name\":\"Formedia\",\"alternateName\":\"Formedia\",\"url\":\"https:\\\/\\\/www.formedia.pl\\\/sklep\\\/\",\"logo\":{\"@type\":\"ImageObject\",\"inLanguage\":\"pl-PL\",\"@id\":\"https:\\\/\\\/www.formedia.pl\\\/sklep\\\/#\\\/schema\\\/logo\\\/image\\\/\",\"url\":\"https:\\\/\\\/www.formedia.pl\\\/sklep\\\/wp-content\\\/uploads\\\/2025\\\/03\\\/1x1cropped-logo-WWW-ForMedia-bialy.png\",\"contentUrl\":\"https:\\\/\\\/www.formedia.pl\\\/sklep\\\/wp-content\\\/uploads\\\/2025\\\/03\\\/1x1cropped-logo-WWW-ForMedia-bialy.png\",\"width\":412,\"height\":412,\"caption\":\"Formedia\"},\"image\":{\"@id\":\"https:\\\/\\\/www.formedia.pl\\\/sklep\\\/#\\\/schema\\\/logo\\\/image\\\/\"},\"sameAs\":[\"https:\\\/\\\/www.facebook.com\\\/formedia.bydgoszcz\\\/\",\"https:\\\/\\\/www.youtube.com\\\/@formedia4306\"]}]}<\/script>\n<!-- \/ Yoast SEO plugin. -->","yoast_head_json":{"title":"Parawan wyborczy - sk\u0142adany, skrzyd\u0142o 60x60cm, PCV, wz\u00f3r B - Formedia","description":"Producent wyrob\u00f3w z plexi. Sprawd\u017a Parawan wyborczy - sk\u0142adany, skrzyd\u0142o 60x60cm, PCV, wz\u00f3r B. Indywidualne podej\u015bcie, w\u0142asne studio projektowe. Zapraszamy!","robots":{"index":"index","follow":"follow","max-snippet":"max-snippet:-1","max-image-preview":"max-image-preview:large","max-video-preview":"max-video-preview:-1"},"canonical":"https:\/\/www.formedia.pl\/sklep\/produkt\/parawan-wyborczy-skladany-skrzydlo-60x60cm-pcv-wzor-b\/","og_locale":"pl_PL","og_type":"article","og_title":"Parawan wyborczy - sk\u0142adany, skrzyd\u0142o 60x60cm, PCV, wz\u00f3r B - Formedia","og_description":"Producent wyrob\u00f3w z plexi. Sprawd\u017a Parawan wyborczy - sk\u0142adany, skrzyd\u0142o 60x60cm, PCV, wz\u00f3r B. Indywidualne podej\u015bcie, w\u0142asne studio projektowe. Zapraszamy!","og_url":"https:\/\/www.formedia.pl\/sklep\/produkt\/parawan-wyborczy-skladany-skrzydlo-60x60cm-pcv-wzor-b\/","og_site_name":"Formedia","article_publisher":"https:\/\/www.facebook.com\/formedia.bydgoszcz\/","article_modified_time":"2026-04-01T06:26:50+00:00","og_image":[{"width":1609,"height":1385,"url":"https:\/\/www.formedia.pl\/sklep\/wp-content\/uploads\/2023\/05\/parB.jpg","type":"image\/jpeg"}],"twitter_card":"summary_large_image","twitter_misc":{"Szacowany czas czytania":"2 minuty"},"schema":{"@context":"https:\/\/schema.org","@graph":[{"@type":"WebPage","@id":"https:\/\/www.formedia.pl\/sklep\/produkt\/parawan-wyborczy-skladany-skrzydlo-60x60cm-pcv-wzor-b\/","url":"https:\/\/www.formedia.pl\/sklep\/produkt\/parawan-wyborczy-skladany-skrzydlo-60x60cm-pcv-wzor-b\/","name":"Parawan wyborczy - sk\u0142adany, skrzyd\u0142o 60x60cm, PCV, wz\u00f3r B - Formedia","isPartOf":{"@id":"https:\/\/www.formedia.pl\/sklep\/#website"},"primaryImageOfPage":{"@id":"https:\/\/www.formedia.pl\/sklep\/produkt\/parawan-wyborczy-skladany-skrzydlo-60x60cm-pcv-wzor-b\/#primaryimage"},"image":{"@id":"https:\/\/www.formedia.pl\/sklep\/produkt\/parawan-wyborczy-skladany-skrzydlo-60x60cm-pcv-wzor-b\/#primaryimage"},"thumbnailUrl":"https:\/\/www.formedia.pl\/sklep\/wp-content\/uploads\/2023\/05\/parB.jpg","datePublished":"2023-05-29T10:20:58+00:00","dateModified":"2026-04-01T06:26:50+00:00","description":"Producent wyrob\u00f3w z plexi. Sprawd\u017a Parawan wyborczy - sk\u0142adany, skrzyd\u0142o 60x60cm, PCV, wz\u00f3r B. Indywidualne podej\u015bcie, w\u0142asne studio projektowe. Zapraszamy!","breadcrumb":{"@id":"https:\/\/www.formedia.pl\/sklep\/produkt\/parawan-wyborczy-skladany-skrzydlo-60x60cm-pcv-wzor-b\/#breadcrumb"},"inLanguage":"pl-PL","potentialAction":[{"@type":"ReadAction","target":["https:\/\/www.formedia.pl\/sklep\/produkt\/parawan-wyborczy-skladany-skrzydlo-60x60cm-pcv-wzor-b\/"]}]},{"@type":"ImageObject","inLanguage":"pl-PL","@id":"https:\/\/www.formedia.pl\/sklep\/produkt\/parawan-wyborczy-skladany-skrzydlo-60x60cm-pcv-wzor-b\/#primaryimage","url":"https:\/\/www.formedia.pl\/sklep\/wp-content\/uploads\/2023\/05\/parB.jpg","contentUrl":"https:\/\/www.formedia.pl\/sklep\/wp-content\/uploads\/2023\/05\/parB.jpg","width":1609,"height":1385},{"@type":"BreadcrumbList","@id":"https:\/\/www.formedia.pl\/sklep\/produkt\/parawan-wyborczy-skladany-skrzydlo-60x60cm-pcv-wzor-b\/#breadcrumb","itemListElement":[{"@type":"ListItem","position":1,"name":"Strona g\u0142\u00f3wna","item":"https:\/\/www.formedia.pl\/sklep\/"},{"@type":"ListItem","position":2,"name":"Sklep","item":"https:\/\/www.formedia.pl\/sklep\/"},{"@type":"ListItem","position":3,"name":"Parawan wyborczy &#8211; sk\u0142adany, skrzyd\u0142o 60x60cm, PCV, wz\u00f3r B"}]},{"@type":"WebSite","@id":"https:\/\/www.formedia.pl\/sklep\/#website","url":"https:\/\/www.formedia.pl\/sklep\/","name":"Formedia","description":"Producent wyrob\u00f3w z tworzyw sztucznych","publisher":{"@id":"https:\/\/www.formedia.pl\/sklep\/#organization"},"alternateName":"Formedia","potentialAction":[{"@type":"SearchAction","target":{"@type":"EntryPoint","urlTemplate":"https:\/\/www.formedia.pl\/sklep\/?s={search_term_string}"},"query-input":{"@type":"PropertyValueSpecification","valueRequired":true,"valueName":"search_term_string"}}],"inLanguage":"pl-PL"},{"@type":"Organization","@id":"https:\/\/www.formedia.pl\/sklep\/#organization","name":"Formedia","alternateName":"Formedia","url":"https:\/\/www.formedia.pl\/sklep\/","logo":{"@type":"ImageObject","inLanguage":"pl-PL","@id":"https:\/\/www.formedia.pl\/sklep\/#\/schema\/logo\/image\/","url":"https:\/\/www.formedia.pl\/sklep\/wp-content\/uploads\/2025\/03\/1x1cropped-logo-WWW-ForMedia-bialy.png","contentUrl":"https:\/\/www.formedia.pl\/sklep\/wp-content\/uploads\/2025\/03\/1x1cropped-logo-WWW-ForMedia-bialy.png","width":412,"height":412,"caption":"Formedia"},"image":{"@id":"https:\/\/www.formedia.pl\/sklep\/#\/schema\/logo\/image\/"},"sameAs":["https:\/\/www.facebook.com\/formedia.bydgoszcz\/","https:\/\/www.youtube.com\/@formedia4306"]}]}},"_links":{"self":[{"href":"https:\/\/www.formedia.pl\/sklep\/wp-json\/wp\/v2\/product\/22354","targetHints":{"allow":["GET"]}}],"collection":[{"href":"https:\/\/www.formedia.pl\/sklep\/wp-json\/wp\/v2\/product"}],"about":[{"href":"https:\/\/www.formedia.pl\/sklep\/wp-json\/wp\/v2\/types\/product"}],"wp:featuredmedia":[{"embeddable":true,"href":"https:\/\/www.formedia.pl\/sklep\/wp-json\/wp\/v2\/media\/22930"}],"wp:attachment":[{"href":"https:\/\/www.formedia.pl\/sklep\/wp-json\/wp\/v2\/media?parent=22354"}],"wp:term":[{"taxonomy":"product_brand","embeddable":true,"href":"https:\/\/www.formedia.pl\/sklep\/wp-json\/wp\/v2\/product_brand?post=22354"},{"taxonomy":"product_cat","embeddable":true,"href":"https:\/\/www.formedia.pl\/sklep\/wp-json\/wp\/v2\/product_cat?post=22354"},{"taxonomy":"product_tag","embeddable":true,"href":"https:\/\/www.formedia.pl\/sklep\/wp-json\/wp\/v2\/product_tag?post=22354"},{"taxonomy":"woo-feed-brand","embeddable":true,"href":"https:\/\/www.formedia.pl\/sklep\/wp-json\/wp\/v2\/woo-feed-brand?post=22354"}],"curies":[{"name":"wp","href":"https:\/\/api.w.org\/{rel}","templated":true}]}}